ctors of 98646.
2, 3, 41, 401
What are the prime factors of 207366?
2, 3, 17, 19, 107
List the prime factors of 275853.
3, 91951
What are the prime factors of 1900263?
3, 73, 8677
What are the prime factors of 20424915?
3, 5, 7, 59, 157
List the prime factors of 533521.
67, 7963
What are the prime factors of 9987794?
2, 4993897
List the prime factors of 491375.
5, 3931
List the prime factors of 1403676.
2, 3, 41, 317
What are the prime factors of 13145333?
31, 67, 6329
What are the prime factors of 14211692?
2, 11, 29363
What are the prime factors of 3641111?
17, 43, 293
List the prime factors of 12042811.
11, 1094801
List the prime factors of 338528.
2, 71, 149
What are the prime factors of 12943068?
2, 3, 1078589
What are the prime factors of 197634?
2, 3, 32939
What are the prime factors of 3195512?
2, 399439
What are the prime factors of 260908?
2, 19, 3433
What are the prime factors of 233704?
2, 131, 223
List the prime factors of 2020295.
5, 47, 8597
List the prime factors of 418236.
2, 3, 7, 13, 383
List the prime factors of 823086.
2, 3, 11, 4157
What are the prime factors of 1757756?
2, 7, 11, 13, 439
What are the prime factors of 939094?
2, 13, 19, 1901
What are the prime factors of 2293757?
2293757
List the prime factors of 469687.
469687
List the prime factors of 4807.
11, 19, 23
What are the prime factors of 5152791?
3, 7, 35053
What are the prime factors of 15719062?
2, 7859531
List the prime factors of 31581974.
2, 3499, 4513
List the prime factors of 3313801.
29, 114269
List the prime factors of 159943.
7, 73, 313
What are the prime factors of 8282149?
1553, 5333
List the prime factors of 163169.
163169
What are the prime factors of 1219448?
2, 313, 487
List the prime factors of 777311.
43, 18077
List the prime factors of 1123018.
2, 13, 47, 919
What are the prime factors of 58191?
3, 7, 17, 163
What are the prime factors of 14520198?
2, 3, 7, 11, 53, 593
What are the prime factors of 8855294?
2, 7, 632521
What are the prime factors of 17413067?
7, 2487581
List the prime factors of 1105715.
5, 13, 17011
What are the prime factors of 7657498?
2, 3828749
What are the prime factors of 232995?
3, 5, 7, 317
What are the prime factors of 2273237?
1447, 1571
List the prime factors of 91007.
7, 13001
List the prime factors of 3515115.
3, 5, 234341
List the prime factors of 7079485.
5, 7, 83, 2437
What are the prime factors of 546902?
2, 31, 8821
List the prime factors of 295779.
3, 11, 8963
What are the prime factors of 6017444?
2, 23, 65407
List the prime factors of 421766.
2, 227, 929
List the prime factors of 9393396.
2, 3, 782783
What are the prime factors of 399921?
3, 109, 1223
List the prime factors of 1980580.
2, 5, 7, 43, 47
What are the prime factors of 68583?
3, 22861
List the prime factors of 598948.
2, 7, 21391
List the prime factors of 3344638.
2, 11, 152029
What are the prime factors of 11077192?
2, 7, 197807
What are the prime factors of 1270356?
2, 3, 105863
List the prime factors of 2427443.
23, 105541
What are the prime factors of 278552?
2, 34819
What are the prime factors of 4459357?
7, 19, 33529
What are the prime factors of 2456428?
2, 13, 97, 487
What are the prime factors of 654802?
2, 327401
What are the prime factors of 1619379?
3, 37, 1621
List the prime factors of 2675590.
2, 5, 23, 11633
List the prime factors of 29264225.
5, 17, 37, 1861
What are the prime factors of 1277599?
191, 6689
What are the prime factors of 7715572?
2, 659, 2927
What are the prime factors of 165318?
2, 3, 59, 467
List the prime factors of 113474.
2, 56737
What are the prime factors of 158370?
2, 3, 5, 5279
What are the prime factors of 246304?
2, 43, 179
What are the prime factors of 112634?
2, 199, 283
What are the prime factors of 21393628?
2, 5348407
What are the prime factors of 208231?
208231
List the prime factors of 2321907.
3, 7, 110567
What are the prime factors of 132318?
2, 3, 7351
What are the prime factors of 9031876?
2, 7, 29, 227
List the prime factors of 333512.
2, 47, 887
List the prime factors of 14202577.
1693, 8389
List the prime factors of 13316520.
2, 3, 5, 7, 83, 191
List the prime factors of 610772.
2, 43, 53, 67
What are the prime factors of 10005340?
2, 5, 53, 9439
What are the prime factors of 6736723?
7, 23, 41843
List the prime factors of 1399843.
1399843
What are the prime factors of 3056146?
2, 1528073
What are the prime factors of 165092?
2, 149, 277
What are the prime factors of 36307?
36307
List the prime factors of 160255.
5, 32051
What are the prime factors of 19638?
2, 3, 1091
List the prime factors of 5322220.
2, 5, 266111
List the prime factors of 104178.
2, 3, 97, 179
What are the prime factors of 387177?
3, 7, 103, 179
List the prime factors of 345191.
7, 11, 4483
What are the prime factors of 2822382?
2, 3, 156799
What are the prime factors of 550759?
11, 50069
What are the prime factors of 357064?
2, 44633
List the prime factors of 1675668.
2, 3, 311, 449
List the prime factors of 1957364.
2, 199, 2459
List the prime factors of 293376.
2, 3, 191
What are the prime factors of 70919?
70919
List the prime factors of 2482718.
2, 7, 177337
What are the prime factors of 2296905?
3, 5, 13, 11779
What are the prime factors of 15590987?
23, 557, 1217
What are the prime factors of 559038?
2, 3, 23, 4051
What are the prime factors of 3994070?
2, 5, 307, 1301
What are the prime factors of 200139?
3, 66713
List the prime factors of 149885.
5, 31, 967
What are the prime factors of 450359?
7, 13, 101
What are the prime factors of 427532?
2, 7, 15269
What are the prime factors of 1456404?
2, 3, 121367
List the prime factors of 35850750.
2, 3, 5, 13, 3677
List the prime factors of 424095.
3, 5, 7, 577
List the prime factors of 420952.
2, 7, 7517
What are the prime factors of 4224172?
2, 47, 22469
List the prime factors of 3885206.
2, 13, 23, 73, 89
What are the prime factors of 214029?
3, 7927
List the prime factors of 3741225.
3, 5, 83, 601
What are the prime factors of 603878?
2, 11, 27449
List the prime factors of 9016663.
151, 211, 283
What are the prime factors of 8902079?
107, 271, 307
List the prime factors of 916569.
3, 83, 409
List the prime factors of 197008.
2, 7, 1759
List the prime factors of 649632.
2, 3, 67, 101
List the prime factors of 29001238.
2, 7, 139, 2129
What are the prime factors of 3149381?
3149381
List the prime factors of 3365602.
2, 1682801
List the prime factors of 1511936.
2, 2953
List the prime factors of 2334100.
2, 5, 17, 1373
What are the prime factors of 655342?
2, 29, 11299
What are the prime factors of 101587?
29, 31, 113
List the prime factors of 21329933.
2633, 8101
What are the prime factors of 17527865?
5, 31, 113083
What are the prime factors of 35540?
2, 5, 1777
List the prime factors of 148027.
11, 13457
List the prime factors of 842922.
2, 3, 46829
What are the prime factors of 8789754?
2, 3, 1464959
List the prime factors of 160457.
11, 29, 503
List the prime factors of 5065951.
11, 19, 24239
List the prime factors of 123100.
2, 5, 1231
List the prime factors of 18065629.
859, 21031
List the prime factors of 4931072.
2, 9631
What are the prime factors of 253853?
253853
List the prime factors of 2215594.
2, 1107797
List the prime factors of 219812.
2, 179, 307
List the prime factors of 360132.
2, 3, 30011
What are the prime factors of 913642?
2, 456821
List the prime factors of 6045683.
7, 491, 1759
List the prime factors of 14856627.
3, 4952209
List the prime factors of 49666.
2, 19, 1307
What are the prime factors of 12123720?
2, 3, 5, 7, 17, 283
What are the prime factors of 8760904?
2, 251, 4363
What are the prime factors of 2241640?
2, 5, 56041
What are the prime factors of 5189490?
2, 3, 5, 23, 109
What are the prime factors of 532072?
2, 66509
What are the prime factors of 1723582?
2, 7, 123113
List the prime factors of 632067.
3, 59, 3571
What are the prime factors of 16114016?
2, 503563
List the prime factors of 13229938.
2, 103, 64223
What are the prime factors of 394646?
2, 7, 4027
List the prime factors of 2825911.
11, 256901
List the prime factors of 236160.
2, 3, 5, 41
What are the prime factors of 584155?
5, 11, 13, 19, 43
What are the prime factors of 3518493?
3, 11, 106621
List the prime factors of 285951.
3, 95317
What are the prime fact